nd r?
12
Let j be (1*8)/((-8)/(-20)). Let g = -13 + j. Let r = 6 + g. What is the greatest common factor of r and 13?
13
Suppose -4*v + 440 = v. Let z(f) = 18*f - 1. Let n be z(1). Let c = n - 6. What is the highest common factor of c and v?
11
Suppose -4*q + 2*q + 32 = 0. What is the highest common factor of q and 48?
16
Suppose -5*p = -5 - 20. Suppose 0 = -3*i + 7*i - 160. Calculate the highest common factor of p and i.
5
Let z(x) = 11*x**2 - 5*x + 9. Let t(o) = -5*o**2 + 3*o - 4. Let w(j) = 9*t(j) + 4*z(j). Let k be w(3). Calculate the highest common divisor of 12 and k.
12
Let s = -32 + 112. What is the highest common divisor of s and 10?
10
Suppose 4*n = 5*y, 2*y - 6*y + 31 = 3*n. Let i(d) = -19*d - 2. Let f be i(-2). Calculate the greatest common divisor of y and f.
4
Let t(q) = q**2 + 7*q - 10. Let d be t(-10). What is the highest common factor of d and 20?
20
Let w(c) = -c - 15. Let r be w(-17). Calculate the greatest common divisor of r and 3.
1
Let z(x) = 5*x**3 - 2*x**2 + x - 2. Suppose -5 = -4*l + 3. Let b be z(l). Let f be 81 + (0 - -1 - 2). Calculate the highest common divisor of f and b.
16
Suppose 93 = 3*z + y, -9 = -3*y - 0*y. Suppose -2*l + z = 3*j + l, 38 = 5*j + l. Suppose 5*d - 101 - 179 = 0. Calculate the highest common divisor of j and d.
7
Let b = 59 + -37. What is the highest common divisor of b and 2?
2
Suppose -62 = -5*y + 3*g + 244, -5*y + 308 = -4*g. Suppose 0*t + y = 2*t. What is the highest common divisor of t and 5?
5
Let w = -363 - -552. Calculate the greatest common factor of 21 and w.
21
Let v(t) = -t**3 + 5*t**2 + 3*t - 5. Let d be v(5). Let r = d - 31. Let i = -12 - r. Calculate the highest common divisor of 99 and i.
9
Let z(l) = -l**2 - 10*l + 3. Let x be z(-10). Suppose -4*s = -2*d + 44, -6*d + x*d - 2*s = -42. Calculate the highest common divisor of 8 and d.
8
Suppose 0 = 12*h - 8*h - 16. What is the highest common divisor of 10 and h?
2
Suppose -3*n = 0, -2*n = -0*x + 3*x - 6. Suppose -x*z = 2*z - 92. Calculate the highest common factor of 115 and z.
23
Suppose -2*d + 140 = 3*d. Calculate the greatest common factor of 42 and d.
14
Let f = 127 + -23. Calculate the greatest common factor of 13 and f.
13
Let z(g) = g**2 - 23*g + 12. Let i be z(23). What is the greatest common divisor of 72 and i?
12
Suppose -8 = -g + 67. What is the highest common factor of g and 15?
15
Suppose 5*n + 10 = i, -3*i = -5*n + 5 - 15. Let a(o) = o + 1. Let p be a(0). Let g be (i - -52)/(2/p). What is the greatest common factor of g and 65?
13
Let f(z) be the third derivative of z**5/60 - z**4/3 + 13*z**3/6 + 2*z**2. Let h be f(9). Calculate the highest common factor of 55 and h.
11
Let w be -1 - (0 - -2)*-2. Calculate the greatest common factor of 9 and w.
3
Let a(q) = q**2 + 2. Let c be a(2). Calculate the highest common factor of 2 and c.
2
Let o(d) = d**2 + 7*d - 13. Let y be o(-14). Let j = 420 - 594. Let q be j/(-10) + 8/(-20). Calculate the highest common factor of y and q.
17
Suppose -22 = -3*z + z. Calculate the highest common factor of 121 and z.
11
Suppose 225 + 25 = -4*o - 5*j, -4*j = -o - 73. Let b be (-871)/o - (-2)/(-5). Calculate the highest common factor of 65 and b.
13
Let h(i) = -i**3 + 17*i**2 + 16*i + 41. Let b be h(18). What is the greatest common divisor of b and 15?
5
Suppose l - n + 7 = 2*n, 2*l + 4*n - 16 = 0. Calculate the highest common factor of 1 and l.
1
Let r = -58 + 82. Calculate the greatest common factor of 3 and r.
3
Let j(u) = u**3 - 7*u**2 - 5*u - 2. Suppose -3*q + 16 = -q. Let g be j(q). Let f = g + -8. Calculate the greatest common divisor of 14 and f.
14
Let o be 3*(0 + (-6)/(-9)). Suppose -r = -o*x - 96, 5*x = -0*r - 5*r - 210. Let c = x + 70. Calculate the highest common factor of 3 and c.
3
Let n = 16 - 4. Let i(a) = 2*a**3 - 6*a**2 - 3*a. Let k be i(5). Let u = 23 + k. Calculate the highest common factor of n and u.
12
Let z(p) = 3*p + 3. Let u be z(-5). Let c be 4*(705/u)/5. Let r = c + 119. Calculate the greatest common divisor of 8 and r.
8
Suppose u - 2*u + 51 = 5*l, u - 18 = -2*l. Let p = 17 - 21. Let i be p/12 + (-399)/(-9). What is the highest common factor of i and l?
11
Let o be 2/(-3 - (-100)/32). Calculate the greatest common factor of o and 24.
8
Let i(d) = d**3 - d**2 - d + 11. Let w be i(0). Suppose 3*o - r - 21 = 2*r, -o = 2*r - 19. What is the highest common divisor of w and o?
11
Let u(l) = 2*l. Let s be u(11). Calculate the greatest common divisor of s and 44.
22
Suppose 4*t = -5*f - t + 70, -t + 24 = 2*f. Calculate the greatest common divisor of f and 2.
2
Let w(q) = -2*q + 17. Let l be w(0). Suppose -l = -2*k - 3. Calculate the highest common factor of 14 and k.
7
Suppose 3*o - s - 45 = -4*s, 3*o + s = 35. Calculate the greatest common divisor of o and 10.
10
Suppose -3*n - 6 = -n, -5*w + 2*n + 186 = 0. Let d = -290 - -299. What is the greatest common divisor of w and d?
9
Suppose -2*v + 4*v = 32. What is the highest common factor of 48 and v?
16
Suppose -7*g + 83 + 1 = 0. What is the highest common factor of g and 9?
3
Let r be 7 + -2 - (1 - 0). Let f be r/(-3)*(-45)/2. Suppose 5*g - f = -0*g. What is the highest common divisor of 66 and g?
6
Let n(u) = 7*u - 12. Let s be n(9). What is the greatest common divisor of s and 34?
17
Suppose -2*d = x - 32, -6*x = -2*x - 4*d - 92. Let a(w) = -5 + 3*w - 3*w - 11*w. Let g be a(-4). Calculate the greatest common divisor of x and g.
13
Let u(w) = 215*w + 2. Let t be u(1). Suppose 3*g - t + 55 = 0. Calculate the greatest common factor of g and 27.
27
Suppose 3*o - 5*f - 63 = -0*o, 0 = -4*f + 12. What is the greatest common divisor of 2 and o?
2
Suppose -4*r - 4*w = -424, -3*r - 5*w + 247 + 63 = 0. Let m be (-2 + (-27)/2)*2. Let l = -21 - m. Calculate the highest common divisor of l and r.
10
Suppose 3*p = 5*p + 20. Let z be (-18)/p + (-3)/(-15). Suppose 3*y - 4*y = 2, -66 = -4*j + y. What is the greatest common factor of z and j?
2
Let x = 75 - 61. What is the highest common divisor of 98 and x?
14
Suppose 8 = -2*i - 3*o - 22, 0 = o. Let a = 13 - i. Calculate the highest common divisor of 70 and a.
14
Let u = 38 - 8. Calculate the greatest common divisor of u and 45.
15
Let s = 92 + -51. Let j(m) = -10*m - 3. Let u be j(-2). Let a = s - u. What is the greatest common divisor of 12 and a?
12
Let w be 10/(-20)*76/(-2). What is the greatest common divisor of w and 171?
19
Let m(f) = f - 1. Let i(g) = -24*g - 5. Let q(u) = i(u) - 4*m(u). Let a be q(-1). Calculate the highest common divisor of 18 and a.
9
Suppose 42 = 3*r - 3*h, 2*h = 2*r - 2*h - 34. Calculate the greatest common factor of r and 99.
11
Suppose 5*x - 3*x = -4. Let p be x/4 - (-1912)/16. Calculate the highest common factor of p and 17.
17
Let f(g) = 12*g + 4. Let k be f(7). Let z be k + 0/(4 + -1). What is the highest common factor of z and 8?
8
Let p be 374/18 - 2/(-9). What is the highest common factor of 168 and p?
21
Suppose -c + 2*k = -3*k + 25, 3*c + 25 = 5*k. Let v = c - -16. Let f = 35 - v. Calculate the highest common factor of f and 38.
19
Let z be -1 + 55/5 + -1. Calculate the highest common factor of 3 and z.
3
Let h = -15 - -23. Suppose 4*d + 59 = c - 25, -2*c = d - 141. Calculate the highest common factor of c and h.
8
Suppose -16*h - 84 = -20*h. Calculate the highest common divisor of h and 6.
3
Let b = -3 + 7. Let m = b - 2. Suppose -2*h - 3*k + m*k = 2, 5*k = -3*h - 17. What is the highest common divisor of h and 5?
1
Let i(b) = 8*b**2 + 4*b + 3. Let m be i(-2). Let g be 10*(28/(-10) - -2). Let k = 17 + g. Calculate the highest common divisor of m and k.
9
Let g be 1 - 1*-2 - -1. Suppose -g*a = -a + 81. Let q = 62 + a. What is the highest common factor of 5 and q?
5
Suppose 14 = 2*p + 2. Suppose -p*n + n = -385. What is the greatest common divisor of 11 and n?
11
Let n(i) = -5*i**2 - i - 1. Let w be n(-1). Let r be w*(-1)/(-2 + 3). What is the highest common divisor of r and 35?
5
Let h = 8 - 6. Suppose -2*n + h*v - 5*v + 25 = 0, 3*n - v = 10. What is the greatest common divisor of 5 and n?
5
Let t be (19/4)/((-5)/(-100)). Let a be 8 + -5 + t/1. Calculate the greatest common factor of a and 14.
14
Let y(v) = -v + 12. Let x be y(-9). Suppose 20*g - 23*g = -63. Calculate the greatest common factor of g and x.
21
Let g(o) = -8*o**2 + 13 + o + 5*